{"id":64,"date":"2025-04-04T12:31:40","date_gmt":"2025-04-04T10:31:40","guid":{"rendered":"http:\/\/bud-rom.pl\/?page_id=64"},"modified":"2025-04-13T23:01:37","modified_gmt":"2025-04-13T21:01:37","slug":"uslugi","status":"publish","type":"page","link":"http:\/\/bud-rom.pl\/?page_id=64","title":{"rendered":"Us\u0142ugi"},"content":{"rendered":"\n\n\n\n\n\n\n\n","protected":false},"excerpt":{"rendered":"","protected":false},"author":1,"featured_media":0,"parent":0,"menu_order":0,"comment_status":"closed","ping_status":"closed","template":"full-width","meta":{"saved_in_kubio":true,"_kadence_starter_templates_imported_post":false,"footnotes":""},"class_list":["post-64","page","type-page","status-publish","hentry"],"kubio_ai_page_context":{"short_desc":"firma zajmuj\u0105ca si\u0119 sprzeda\u017c\u0105 materia\u0142\u00f3w budowlanych, mi\u0119dzy innymi stropy, bloczki betonowe, fundamenty, transport materia\u0142\u00f3w i dystrybucja","purpose":"general","isFrontPage":false},"_links":{"self":[{"href":"http:\/\/bud-rom.pl\/index.php?rest_route=\/wp\/v2\/pages\/64","targetHints":{"allow":["GET"]}}],"collection":[{"href":"http:\/\/bud-rom.pl\/index.php?rest_route=\/wp\/v2\/pages"}],"about":[{"href":"http:\/\/bud-rom.pl\/index.php?rest_route=\/wp\/v2\/types\/page"}],"author":[{"embeddable":true,"href":"http:\/\/bud-rom.pl\/index.php?rest_route=\/wp\/v2\/users\/1"}],"replies":[{"embeddable":true,"href":"http:\/\/bud-rom.pl\/index.php?rest_route=%2Fwp%2Fv2%2Fcomments&post=64"}],"version-history":[{"count":5,"href":"http:\/\/bud-rom.pl\/index.php?rest_route=\/wp\/v2\/pages\/64\/revisions"}],"predecessor-version":[{"id":200,"href":"http:\/\/bud-rom.pl\/index.php?rest_route=\/wp\/v2\/pages\/64\/revisions\/200"}],"wp:attachment":[{"href":"http:\/\/bud-rom.pl\/index.php?rest_route=%2Fwp%2Fv2%2Fmedia&parent=64"}],"curies":[{"name":"wp","href":"https:\/\/api.w.org\/{rel}","templated":true}]}}